{"id":42,"date":"2026-02-22T23:06:03","date_gmt":"2026-02-22T21:06:03","guid":{"rendered":"https:\/\/sama-obrt.zumesite.com\/wp-staging\/kontakt\/"},"modified":"2026-03-10T09:55:11","modified_gmt":"2026-03-10T07:55:11","slug":"kontakt","status":"publish","type":"page","link":"https:\/\/sama-obrt.zumesite.com\/wp-staging\/kontakt\/","title":{"rendered":"Kontakt"},"content":{"rendered":"\n<div class=\"wp-block-group alignfull is-layout-constrained wp-block-group-is-layout-constrained has-light-background-color has-background wp-container-core-group-is-layout-a5588b2a\" style=\"padding-top:var(--wp--preset--spacing--70);padding-right:var(--wp--preset--spacing--50);padding-bottom:var(--wp--preset--spacing--70);padding-left:var(--wp--preset--spacing--50)\">\n<h1 class=\"wp-block-heading has-text-align-center has-playfair-display-font-family\">Kontaktirajte nas<\/h1>\n\n\n\n<p class=\"has-text-align-center has-muted-color has-text-color has-large-font-size\">Rado \u0107emo odgovoriti na sva va\u0161a pitanja. Javite nam se!<\/p>\n<\/div>\n\n\n\n<div class=\"wp-block-group alignfull is-layout-constrained wp-block-group-is-layout-constrained wp-container-core-group-is-layout-a47e864c\" style=\"padding-top:var(--wp--preset--spacing--80);padding-right:var(--wp--preset--spacing--50);padding-bottom:var(--wp--preset--spacing--80);padding-left:var(--wp--preset--spacing--50)\">\n<div class=\"wp-block-columns alignwide is-layout-flex wp-block-columns-is-layout-flex wp-container-core-columns-is-layout-f5a44f5b\">\n<div class=\"wp-block-column is-layout-flow wp-block-column-is-layout-flow\" style=\"flex-basis:40%\">\n<h2 class=\"wp-block-heading has-playfair-display-font-family\">Informacije<\/h2>\n\n\n\n<div class=\"wp-block-group is-layout-flex is-vertical wp-block-group-is-layout-flex wp-container-core-group-is-layout-f3a2fc10\">\n<div class=\"wp-block-group is-layout-constrained wp-block-group-is-layout-constrained wp-container-core-group-is-layout-c748ba87\" style=\"border-left-color:var(--wp--preset--color--accent);border-left-style:solid;border-left-width:3px;padding-left:var(--wp--preset--spacing--40)\">\n<p class=\"has-muted-color has-text-color\" style=\"font-size:0.8rem;font-weight:700;letter-spacing:0.1em;text-transform:uppercase\">&#x1f4cd; Adresa<\/p>\n\n\n\n<p>Brezovac 21<br>47250 Duga Resa, Hrvatska<\/p>\n<\/div>\n\n\n\n<div class=\"wp-block-group is-layout-constrained wp-block-group-is-layout-constrained wp-container-core-group-is-layout-c748ba87\" style=\"border-left-color:var(--wp--preset--color--secondary);border-left-style:solid;border-left-width:3px;padding-left:var(--wp--preset--spacing--40)\">\n<p class=\"has-muted-color has-text-color\" style=\"font-size:0.8rem;font-weight:700;letter-spacing:0.1em;text-transform:uppercase\">&#x1f4de; Telefon<\/p>\n\n\n\n<p><a href=\"tel:+385xxxxxxxx\">+385 98 9406090<\/a><\/p>\n<\/div>\n\n\n\n<div class=\"wp-block-group is-layout-constrained wp-block-group-is-layout-constrained wp-container-core-group-is-layout-c748ba87\" style=\"border-left-color:var(--wp--preset--color--accent);border-left-style:solid;border-left-width:3px;padding-left:var(--wp--preset--spacing--40)\">\n<p class=\"has-muted-color has-text-color\" style=\"font-size:0.8rem;font-weight:700;letter-spacing:0.1em;text-transform:uppercase\">&#x1f4e7; E-mail<\/p>\n\n\n\n<p><a href=\"mailto:info@sama-obrt.hr\">info@sama-obrt.hr<\/a><\/p>\n<\/div>\n\n\n\n<div class=\"wp-block-group is-layout-constrained wp-block-group-is-layout-constrained wp-container-core-group-is-layout-c748ba87\" style=\"border-left-color:var(--wp--preset--color--secondary);border-left-style:solid;border-left-width:3px;padding-left:var(--wp--preset--spacing--40)\">\n<p class=\"has-muted-color has-text-color\" style=\"font-size:0.8rem;font-weight:700;letter-spacing:0.1em;text-transform:uppercase\">&#x1f550; Radno vrijeme<\/p>\n\n\n\n<p>Pon \u2013 Pet: 9:00 \u2013 17:00<br>Sub: 9:00 \u2013 13:00<\/p>\n<\/div>\n<\/div>\n<\/div>\n\n\n\n<div class=\"wp-block-column is-layout-flow wp-block-column-is-layout-flow\" style=\"flex-basis:60%\">\n<div class=\"wp-block-group sama-contact-form is-layout-constrained wp-block-group-is-layout-constrained has-border-color\" style=\"border-color:var(--wp--preset--color--light);border-style:solid;border-width:1px;border-radius:16px\">\n<h3 class=\"wp-block-heading has-playfair-display-font-family\" style=\"margin-bottom:var(--wp--preset--spacing--50)\">Po\u0161aljite poruku<\/h3>\n\n\n\n<div class=\"wpcf7 no-js\" id=\"wpcf7-f41-o1\" lang=\"en-US\" dir=\"ltr\" data-wpcf7-id=\"41\">\n<div class=\"screen-reader-response\"><p role=\"status\" aria-live=\"polite\" aria-atomic=\"true\"><\/p> <ul><\/ul><\/div>\n<form action=\"\/wp-staging\/wp-json\/wp\/v2\/pages\/42#wpcf7-f41-o1\" method=\"post\" class=\"wpcf7-form init\" aria-label=\"Contact form\" novalidate=\"novalidate\" data-status=\"init\">\n<fieldset class=\"hidden-fields-container\"><input type=\"hidden\" name=\"_wpcf7\" value=\"41\" \/><input type=\"hidden\" name=\"_wpcf7_version\" value=\"6.1.5\" \/><input type=\"hidden\" name=\"_wpcf7_locale\" value=\"en_US\" \/><input type=\"hidden\" name=\"_wpcf7_unit_tag\" value=\"wpcf7-f41-o1\" \/><input type=\"hidden\" name=\"_wpcf7_container_post\" value=\"0\" \/><input type=\"hidden\" name=\"_wpcf7_posted_data_hash\" value=\"\" \/>\n<\/fieldset>\n<p><label> Ime<br \/>\n<span class=\"wpcf7-form-control-wrap\" data-name=\"your-name\"><input size=\"40\" maxlength=\"400\" class=\"wpcf7-form-control wpcf7-text wpcf7-validates-as-required\" autocomplete=\"name\" aria-required=\"true\" aria-invalid=\"false\" value=\"\" type=\"text\" name=\"your-name\" \/><\/span> <\/label>\n<\/p>\n<p><label> Email<br \/>\n<span class=\"wpcf7-form-control-wrap\" data-name=\"your-email\"><input size=\"40\" maxlength=\"400\" class=\"wpcf7-form-control wpcf7-email wpcf7-validates-as-required wpcf7-text wpcf7-validates-as-email\" autocomplete=\"email\" aria-required=\"true\" aria-invalid=\"false\" value=\"\" type=\"email\" name=\"your-email\" \/><\/span> <\/label>\n<\/p>\n<p><label> Naslov<br \/>\n<span class=\"wpcf7-form-control-wrap\" data-name=\"your-subject\"><input size=\"40\" maxlength=\"400\" class=\"wpcf7-form-control wpcf7-text wpcf7-validates-as-required\" aria-required=\"true\" aria-invalid=\"false\" value=\"\" type=\"text\" name=\"your-subject\" \/><\/span> <\/label>\n<\/p>\n<p><label> Poruka<br \/>\n<span class=\"wpcf7-form-control-wrap\" data-name=\"your-message\"><textarea cols=\"40\" rows=\"10\" maxlength=\"2000\" class=\"wpcf7-form-control wpcf7-textarea\" aria-invalid=\"false\" name=\"your-message\"><\/textarea><\/span> <\/label>\n<\/p>\n<p><input class=\"wpcf7-form-control wpcf7-submit has-spinner\" type=\"submit\" value=\"Po\u0161alji\" \/>\n<\/p><div class=\"wpcf7-response-output\" aria-hidden=\"true\"><\/div>\n<\/form>\n<\/div>\n\n<\/div>\n<\/div>\n<\/div>\n<\/div>\n\n\n\n<div class=\"wp-block-group alignfull is-layout-constrained wp-block-group-is-layout-constrained has-primary-background-color has-background wp-container-core-group-is-layout-a47e864c\" style=\"padding-top:var(--wp--preset--spacing--80);padding-right:var(--wp--preset--spacing--50);padding-bottom:var(--wp--preset--spacing--80);padding-left:var(--wp--preset--spacing--50)\">\n<h2 class=\"wp-block-heading has-text-align-center has-white-color has-text-color has-playfair-display-font-family\">Prona\u0111ite nas<\/h2>\n\n\n\n<p class=\"has-text-align-center has-white-color has-text-color\" style=\"margin-bottom:var(--wp--preset--spacing--60)\">Posjetite nas osobno i pogledajte na\u0161e proizvode. Uvijek smo sretni primiti goste!<\/p>\n\n\n\n<div style=\"width:100%;max-width:960px;margin:0 auto;border-radius:16px;overflow:hidden;box-shadow:0 8px 32px rgba(0,0,0,0.2);\">\n\t<iframe\n\t\tsrc=\"https:\/\/maps.google.com\/maps?q=Brezovac+21,+47250+Duga+Resa,+Hrvatska&#038;output=embed\"\n\t\twidth=\"100%\"\n\t\theight=\"420\"\n\t\tstyle=\"border:0;display:block;\"\n\t\tallowfullscreen=\"\"\n\t\tloading=\"lazy\"\n\t\treferrerpolicy=\"no-referrer-when-downgrade\">\n\t<\/iframe>\n<\/div>\n<\/div>\n","protected":false},"excerpt":{"rendered":"<p>Kontaktirajte nas Rado \u0107emo odgovoriti na sva va\u0161a pitanja. Javite nam se! Informacije &#x1f4cd; Adresa Brezovac 2147250 Duga Resa, Hrvatska &#x1f4de; Telefon +385 98 9406090 &#x1f4e7; E-mail info@sama-obrt.hr &#x1f550; Radno vrijeme Pon \u2013 Pet: 9:00 \u2013 17:00Sub: 9:00 \u2013 13:00 Po\u0161aljite poruku Prona\u0111ite nas Posjetite nas osobno i pogledajte na\u0161e proizvode. Uvijek smo sretni primiti [&hellip;]<\/p>\n","protected":false},"author":1,"featured_media":0,"parent":0,"menu_order":0,"comment_status":"closed","ping_status":"closed","template":"page-contact","meta":{"footnotes":""},"class_list":["post-42","page","type-page","status-publish","hentry"],"_links":{"self":[{"href":"https:\/\/sama-obrt.zumesite.com\/wp-staging\/wp-json\/wp\/v2\/pages\/42","targetHints":{"allow":["GET"]}}],"collection":[{"href":"https:\/\/sama-obrt.zumesite.com\/wp-staging\/wp-json\/wp\/v2\/pages"}],"about":[{"href":"https:\/\/sama-obrt.zumesite.com\/wp-staging\/wp-json\/wp\/v2\/types\/page"}],"author":[{"embeddable":true,"href":"https:\/\/sama-obrt.zumesite.com\/wp-staging\/wp-json\/wp\/v2\/users\/1"}],"replies":[{"embeddable":true,"href":"https:\/\/sama-obrt.zumesite.com\/wp-staging\/wp-json\/wp\/v2\/comments?post=42"}],"version-history":[{"count":3,"href":"https:\/\/sama-obrt.zumesite.com\/wp-staging\/wp-json\/wp\/v2\/pages\/42\/revisions"}],"predecessor-version":[{"id":129,"href":"https:\/\/sama-obrt.zumesite.com\/wp-staging\/wp-json\/wp\/v2\/pages\/42\/revisions\/129"}],"wp:attachment":[{"href":"https:\/\/sama-obrt.zumesite.com\/wp-staging\/wp-json\/wp\/v2\/media?parent=42"}],"curies":[{"name":"wp","href":"https:\/\/api.w.org\/{rel}","templated":true}]}}